 -24 - -21?
-3
In base 13, what is 89 + 3?
8c
In base 7, what is -12 + 16?
4
In base 10, what is 3118 + 4?
3122
In base 5, what is 2232 + -1?
2231
In base 15, what is -a3 - -2?
-a1
In base 2, what is -100 - 1000010?
-1000110
In base 10, what is -356 - 10?
-366
In base 14, what is 4d + 21?
70
In base 10, what is -31 + -2?
-33
In base 7, what is -233 - 1?
-234
In base 2, what is 101001 - -1001?
110010
In base 11, what is 6 - -9?
14
In base 16, what is -2e1 - 2?
-2e3
In base 12, what is 63 - 4?
5b
In base 15, what is -b + -4d8?
-4e4
In base 12, what is 8 - -2a8?
2b4
In base 8, what is -36 - 103?
-141
In base 11, what is -13 + -2221?
-2234
In base 15, what is 15 - -6?
1b
In base 7, what is 430 + -4?
423
In base 3, what is -10 - -1221?
1211
In base 6, what is -44 + -30?
-114
In base 7, what is -1133 + -6?
-1142
In base 6, what is -1 + -2151?
-2152
In base 9, what is -341 - 2?
-343
In base 4, what is -210122 - -2?
-210120
In base 2, what is 101001100 - 111?
101000101
In base 8, what is 5265 - 0?
5265
In base 6, what is -254 + 4?
-250
In base 4, what is 2 + 320131?
320133
In base 12, what is -18 - 7?
-23
In base 6, what is -2 - -523?
521
In base 10, what is -2360 + -5?
-2365
In base 11, what is -270 - -1?
-26a
In base 7, what is 505 + -3?
502
In base 7, what is 16 + -23?
-4
In base 3, what is 1 - 201211?
-201210
In base 13, what is 1 - -29?
2a
In base 5, what is -3 + 1222?
1214
In base 3, what is 101000 + 0?
101000
In base 4, what is -203 - 1311?
-2120
In base 15, what is 91b + -5?
916
In base 14, what is -4 + 75?
71
In base 3, what is 12110100 - 12?
12110011
In base 11, what is 6a - a4?
-35
In base 3, what is -1100201 + 0?
-1100201
In base 7, what is 5 + -244?
-236
In base 13, what is 4598 - -3?
459b
In base 12, what is 14889 + -1?
14888
In base 5, what is 1 + 11243?
11244
In base 15, what is -132 - 2?
-134
In base 16, what is 3b9 + 7?
3c0
In base 11, what is 1436 + 4?
143a
In base 14, what is a7 - -1?
a8
In base 9, what is 3 + -1753?
-1750
In base 2, what is -10100 - 1100111?
-1111011
In base 14, what is d12b + -4?
d127
In base 5, what is 1421 + 20?
1441
In base 8, what is -62 + 2?
-60
In base 2, what is 100010010011 - 101?
100010001110
In base 5, what is 4340 - -13?
4403
In base 3, what is 1 - 12212122?
-12212121
In base 14, what is 5 - -95?
9a
In base 12, what is -4451 - -4?
-4449
In base 5, what is 14224 - 4?
14220
In base 11, what is -2 - 18?
-1a
In base 4, what is 1 - 2232?
-2231
In base 4, what is 10222 - -3?
10231
In base 5, what is 120 - 113?
2
In base 14, what is -5 - -149?
144
In base 3, what is 12221 - 12?
12202
In base 16, what is -2 + 6d?
6b
In base 16, what is 4 - bc?
-b8
In base 16, what is 27e + 1?
27f
In base 15, what is -6 - 301?
-307
In base 2, what is 1 + -100100?
-100011
In base 3, what is -22 + 10212?
10120
In base 13, what is -aa - -3?
-a7
In base 3, what is -2 - -10102?
10100
In base 11, what is -180 - -4?
-177
In base 16, what is 6 - 39?
-33
In base 3, what is 112 - -2202?
10021
In base 5, what is -422 - 2?
-424
In base 11, what is -3 - 116?
-119
In base 11, what is 76 - 4?
72
In base 12, what is -15a - -4?
-156
In base 10, what is 34 + 3?
37
In base 14, what is -76 - -5?
-71
In base 9, what is 1578 - -4?
1583
In base 9, what is 1 + -43?
-42
In base 9, what is -12211 + -4?
-12215
In base 9, what is -12 + 7?
-4
In base 9, what is 1 + 4?
5
In base 10, what is 760 - -2?
762
In base 5, what is -123311 - 10?
-123321
In base 6, what is -10114 + 1?
-10113
In base 7, what is 135 + 3?
141
In base 4, what is 0 + 2312?
2312
In base 2, what is -10 - -100011?
100001
In base 14, what is -22d7 + 1?
-22d6
In base 10, what is -2154 + 5?
-2149
In base 8, what is -2253 - 5?
-2260
In base 3, what is 11 - 11102?
-11021
In base 13, what is -40b + -4?
-412
In base 11, what is -366 - -3?
-363
In base 10, what is -3 - -220?
217
In base 5, what is -1 + -24?
-30
In base 15, what is -25 + 41?
1b
In base 14, what is 41 + -32?
d
In base 14, what is 1a9 - 20?
189
In base 12, what is 322 - 1?
321
In base 16, what is -2 + 23?
21
In base 5, what is -10 + -420?
-430
In base 12, what is 16 - 2a?
-14
In base 4, what is 3103 - 1?
3102
In base 10, what is 10 - 640?
-630
In base 13, what is 4a - 83?
-36
In base 10, what is -1 - -27?
26
In base 10, what is 4 - 173?
-169
In base 3, what is 211 - 10010?
-2022
In base 16, what is -d6 - -3e?
-98
In base 10, what is -5 - 234?
-239
In base 7, what is 0 + -13?
-13
In base 16, what is 95 - -82?
117
In base 11, what is -59 + 6?
-53
In base 8, what is -165 - -20?
-145
In base 15, what is 30 - -4?
34
In base 6, what is 0 + 125?
125
In base 2, what is 100 + -10001101?
-10001001
In base 5, what is 123 + 1104?
1232
In base 11, what is -69 + -3?
-71
In base 4, what is 100 - 210?
-110
In base 10, what is 0 - 5016?
-5016
In base 16, what is 304e + 2?
3050
In base 8, what is 1 - 414?
-413
In base 11, what is 2 + -10?
-9
In base 11, what is -9a - 3?
-a2
In base 15, what is 17d + 0?
17d
In base 15, what is 291 + -2?
28e
In base 14, what is cd - 12?
bb
In base 16, what is 3 - -6d0?
6d3
In base 5, what is 2 - 324?
-322
In base 5, what is 12333 + 4?
12342
In base 16, what is -1 + 1a?
19
In base 3, what is -202 - -222?
20
In base 7, what is 3215 + -21?
3164
In base 12, what is -1 - -70?
6b
In base 7, what is -3 + 1342?
1336
In base 16, what is 9 - -4f?
58
In base 6, what is 2225 + -3?
2222
In base 6, what is -1422 + 1?
-1421
In base 9, what is 3 + 200?
203
In base 13, what is 2 - -1972?
1974
In base 2, what is 10 - 101011?
-101001
In base 16, what is 5 + -b0?
-ab
In base 13, what is -26 + 1?
-25
In base 3, what is -22020 - 2?
-22022
In base 11, what is 7 + -4307?
-4300
In base 15, what is 4 + 15c7?
15cb
In base 10, what is 1 - 462?
-461
In base 6, what is 5332 - 1?
5331
In base 5, what is 20 - 20?
0
In base 13, what is -2 - 4a?
-4c
In base 7, what is 211 + -52?
126
In base 14, what is -b7 - b?
-c4
In base 11, what is 40 - -12?
52
In base 8, what is -17 - 4?
-23
In base 12, what is 8 + 38?
44
In base 13, what is -1 + 459?
458
In base 14, what is 1349 + 7?
1352
In base 15, what is d - -4?
12
In base 15, what is -7 - a?
-12
In base 11, what is -6a - 28?
-97
In base 10, what is -6 + 76?
70
In base 10, what is -64 + 3?
-61
In base 12, what is 1 + 21?
22
In base 9, what is -1 - -46?
45
In base 6, what is -4143 - -3?
-4140
In base 12, what is -16b7 + 5?
-16b2
In base 15, what is -b + 8?
-3
In base 4, what is -200 + 0?
-200
In base 15, what is -6 + b1?
aa
In base 8, what is -2 + -252?
-254
In base 9, what is -4 + 6?
2
In base 11, what is 1 - -3a6?
3a7
In base 3, what is -11120 - 21?
-11211
In base 15, what is 5 + 2c5?
2ca
In base 6, what is 10003 - 4?
5555
In base 16, what is 3 - 403?
-400
In base 2, what is -11 - -100111010110?
100111010011
In base 10, what is 590 + 4?
594
In base 4, what is -1 - 201202?
-201203
In base 4, what is 10 - 212?
-202
In base 5, what is 104 - 3?
101
In base 16, what is 5 + -67?
-62
In base 13, what is -6b - 4?
-72
In base 12, what is bb - -4?
103
In base 16, what is -b + -6?
-11
In base 3, what is -10 - -11002?
10222
In base 15, what is -36 - 0?
-36
In base 8, what is -2523 + 1?
-2522
In base 4, what is 3 + -1330?
-1321
In base 12, what is 2 + -3b8?
-3b6
In base 5, what is -33 - 4?
-42
In base 3, what is -201 - 111?
-1012
In base 14, what is 220c - -2?
2210
In base 11, what is 23214 - -4?
23218
In base 15, what is 30 + -10?
20
In base 12, what is 101 + 3?
104
In base 7, what is 111 - -63?
204
In base 3, what is 12 + 202121?
202210
In base 16, what is -3f - 5?
-44
In base 16, what is 0 + 84?
84
In base 15, what is 3 + 15?
18
In base 11, what is 2 - -17?
19
In base 5, what is 4 + -114?
-110
In base 8, what is -5 - 647?
-654
In base 13, what is -5 + 1?
-4
In base 10, what is 193 - 5?
188
In base 11, what is 563 + -6?
558
In base 6, what is 21 - -3033?
3054
In base 6, what is -35 - -1014?
535
In base 15, what is 3 + 475?
478
In base 4, what is 13113 - 11?
13102
In base 3, what is -1122 + -21000?
-22122
In base 16, what is -14 + -314?
-328
In base 6, what is -1145 + 54?
-1051
In base 15, what is 34d2 - -5?
34d7
In base 2, what is -1110 - 11?
-10001
In base 5, what is -1124 + -2?
-1131
In base 13, what is -3 + 54?
51
In base 4, what is 2 - 311?
-303
In base 12, what is -4 - 27?
-2b
In base 8, what is -5 - -3037?
3032
